ose 5*j = -2*v + 118, 3*v + 0*v = -2*j + l. What is the tens digit of v?
4
Suppose -8*a + 6853 = 3*a. What is the units digit of a?
3
Let y be 2/3 + 52/(-6). Let d(b) = 13*b - 5. Let n(c) = -32*c + 12. Let t(i) = 12*d(i) + 5*n(i). What is the units digit of t(y)?
2
Let l(p) = -p**2 - p + 5. Let a be l(4). Let u be a/(-2) - (-3)/(-2). Suppose u*t = 5*t + 4. What is the units digit of t?
4
Let n(r) = -3*r**2 + 0*r**2 + 4*r + 4*r**2. Let a(o) = o + 17. Let w be a(-13). What is the tens digit of n(w)?
3
Let s be 3 - (1 - 2/(-1)). Suppose y + 5 = s, -3*d + 2*y + 17 = 4*y. Suppose -2*h = -4*n - 20, -n + d = 4. What is the tens digit of h?
2
Let u(y) = y**3 - 17*y**2 + 15*y + 18. Let v be u(16). Suppose 0 = v*r + 4*h + 242 - 608, 4*r - 717 = -3*h. What is the tens digit of r?
7
Let m(r) = 4*r**2 - 15. Let i(x) = 3*x**2 + x - 14. Let d(s) = 3*i(s) - 2*m(s). What is the units digit of d(6)?
2
Let s(v) = -v**3 - 4*v**2 - 4*v - 5. Let d be s(-4). Let c = -35 - d. Let y = 73 + c. What is the tens digit of y?
2
Let f(r) = 2*r**2 + 15*r + 13. Let i be f(-10). Let z = i + 54. What is the tens digit of z?
1
Suppose -w - 3257 = -4*d - 548, 2*w = -d + 684. What is the tens digit of d?
7
Suppose -16*o + 13*o = -k + 388, 3*k - 1188 = 3*o. What is the hundreds digit of k?
4
Let y be (-2)/6 - -16*(-4)/(-12). What is the tens digit of 2884/35 + 3/y?
8
Let f(b) = -b**3 - 6*b**2 + 6*b + 18. Let o be f(-8). Suppose c - 27 = o. What is the hundreds digit of c?
1
Suppose 0 = -81*i + 78*i - 27. Let q(j) = -j**3 - 5*j**2 + 4*j - 3. What is the hundreds digit of q(i)?
2
What is the units digit of 8/(-20) + 3/(45/3171)?
1
Suppose 4*z + 5*q - 72 = 0, -3*z + 5*q + 13 = -6. What is the tens digit of (1 - z)*(-99)/18?
6
Let a(q) = -q**3 - q**2 - q - 7. Let l be a(-5). Let w = -90 + l. What is the units digit of w?
8
Suppose -3*x = 2*f - 4123, -4*x + 3*f - 2436 = -7922. What is the hundreds digit of x?
3
Let w be (-95)/(-20) - (-6)/(-8). Suppose -5*i = -w*s - 553, -5*i + 571 = 2*s - 0*s. What is the units digit of i?
3
Suppose 2*c - 15 = -5*y + 13, 5*y = -3*c + 42. Suppose -b + 11 = h - 2*h, -38 = 4*h - 2*b. Let i = c + h. What is the units digit of i?
6
Suppose 0 = 7*u + 4*h - 15723, 0 = -u + 4*h - 133 + 2402. What is the hundreds digit of u?
2
Let u be (2/(-3))/((-5)/(-45)). What is the tens digit of u*7/(21/(-9))?
1
Let u = -2373 - -3276. What is the hundreds digit of u?
9
Suppose 11*d = 9*d + 90. Let u = -9 + d. What is the units digit of u?
6
Let b = 4036 + -2610. What is the thousands digit of b?
1
Suppose -f + 3*f = 0, -2*c = -3*f - 328. Suppose 3*m + m - c = 0. What is the units digit of m?
1
Suppose -t = -b + 3, 0 = t - 3*b - 2 + 15. Let c(f) = t*f - 4*f + 21 + 3*f. What is the tens digit of c(-9)?
1
Suppose 13*q + 39 = 3783. What is the hundreds digit of q?
2
Suppose 0 = 335*m - 327*m - 17232. What is the units digit of m?
4
Suppose -h = 2*k + 3*h - 24, 4*k + 2*h = 30. Let f(x) = x**2 + 2*x + 4. What is the tens digit of f(k)?
5
Suppose -8*f + 35 = -f. Suppose -4*u + 4 = 2*k - 2, -f*u - 4*k = -9. What is the units digit of u?
1
Let i(q) = q**2 - 13*q + 135. What is the thousands digit of i(-30)?
1
What is the tens digit of (-2 - 6)/(9/(-576))?
1
Suppose -3*g + 3 = 0, 5*g = -0*t + 5*t + 670. Let j = -107 + 54. Let h = j - t. What is the tens digit of h?
8
Let r(g) = -9*g + 2. Let u(x) = 27*x - 6. Let n(w) = -21*r(w) - 6*u(w). Let h be n(-2). Let b = 6 - h. What is the units digit of b?
6
Let u be -16*(-2 - (-2)/(-8)). Suppose u = d + 6. Suppose -4*v = v - d. What is the units digit of v?
6
Let q(c) = -c**3 - 6*c**2 + 6*c - 9. Let u be q(-7). Let k be (-9)/((-7)/u + -2). What is the tens digit of 2/k - 183/(-9)?
2
Let b = 131 + -77. Let u = b + -35. Suppose d = 4*k - u, 2*k + 4*d + 1 = -3. What is the units digit of k?
4
Let d = 374 - -147. What is the units digit of d?
1
Let x be 316/(-5) - 16/20. What is the tens digit of 2 - 20/5 - x?
6
Let d(p) = -2*p + 18. Let h be d(8). What is the units digit of (4/h)/((-6)/(-24))?
8
Suppose 32*m + 3*m - 8085 = 0. What is the tens digit of m?
3
Suppose 5*f = 9*f - 3*i - 4603, 0 = -3*i + 9. What is the hundreds digit of f?
1
Suppose 12*j = -6*j + 9720. Suppose 2*t = 4*i - 870, -1628 = -5*i + 2*t - j. What is the units digit of i?
8
Let m = 2007 - 1195. What is the tens digit of m?
1
Let g = 7 - 5. Let x(t) = -t**3 + 3*t**2 + 2*t - 4. What is the units digit of x(g)?
4
Let j(i) = -95*i - 151. What is the hundreds digit of j(-17)?
4
Let r(x) = 78*x**2 - 64*x + 258. What is the units digit of r(4)?
0
Let g be (-9)/2*402/9. Let x = -72 - g. What is the hundreds digit of x?
1
Let q be (4/(-4) - 14) + -2. Let p = -11 - q. Suppose -4*n = 5*b - 121, p*b + 76 = 4*n + 2*b. What is the tens digit of n?
2
Suppose -v + 32 = -25. Let c = v + -33. What is the units digit of c?
4
Let n = -92 + -60. Let o = -93 - n. Let s = o + -33. What is the tens digit of s?
2
Let i = -38 + 43. Let k(h) = 4*h - 9. Let d(q) = 12*q - 28. Let s(p) = -5*d(p) + 16*k(p). What is the tens digit of s(i)?
1
Let m(c) = 20*c**2 - 8*c + 11. What is the hundreds digit of m(5)?
4
What is the hundreds digit of 42*(-9)/(-54) - -1322?
3
What is the tens digit of 1 + -1 - -664 - 5?
5
Let w(y) = 3*y + 5. Let v be w(-1). Suppose 5*f - 717 = -x - v*x, 0 = -2*f - 4*x + 298. What is the units digit of f?
1
Let b(j) = 162*j**2 - 50*j + 153. What is the thousands digit of b(3)?
1
Let r(o) = o**3 + 25*o**2 + 20*o + 59. What is the thousands digit of r(-14)?
1
Suppose 0 = 50*s - 43*s - 266. What is the units digit of s?
8
Suppose 3*p - 2089 = 3062. What is the thousands digit of p?
1
Suppose -d - 2 = 3*q - 10, 4*q = -4*d + 16. Suppose -5*n + n = d*v - 246, 5*n + 2*v - 306 = 0. What is the tens digit of n?
6
Suppose 8*a - 3*a + 440 = 0. Let b be a/24 + 1/(-3). What is the units digit of ((-9)/6)/(3/b)?
2
Let d be (-2)/3*(4 + -7). Suppose 3*y = 6*y + 5*h - 149, d*h = 2*y - 110. Suppose r - n - 7 = 0, -r - 4*n + y = 4*r. What is the units digit of r?
9
Suppose 2*z - 12 = 2*j - 6*j, -2*z = j - 9. Let h(w) = 10*w + 1. Let p be h(j). Suppose -p = 4*s - 79. What is the units digit of s?
7
Suppose 0*y + 153 = -3*y. Let n = y + 113. Suppose -5*s + 4*i + n = 0, 4*s - 2*i + i = 54. What is the units digit of s?
4
Let r = 130 - -342. What is the tens digit of r?
7
Let z = 67 - 25. Let w(y) = 5*y**2. Let x be w(1). Suppose -z = -x*l - 2. What is the units digit of l?
8
Let m = 3 + -12. Let b be (-5)/(-15) - (-1047)/m. Let g = -61 - b. What is the units digit of g?
5
Let m = 735 + -330. What is the hundreds digit of m?
4
What is the units digit of (1 - 36/(-6)) + 1003?
0
Let n = 1148 - 774. What is the tens digit of n?
7
Let k = 1115 + 1552. What is the hundreds digit of k?
6
Let n be (132/165)/((-2)/(-590)). Suppose 2*m + m + 2*r - 394 = 0, -2*m + n = -4*r. What is the hundreds digit of m?
1
Suppose 0 = 4*v + 4. Let l(p) = -14*p**2 + p + 1. Let n be l(v). What is the tens digit of (7/n)/((-2)/172)?
4
Let z be (-2 + 0)/((-11)/242). Suppose -z = -p + 3. What is the tens digit of p?
4
Suppose 2*u + 2*u = -8, -2*u + 6 = 5*k. Let h be ((-3)/k)/(3/100). What is the units digit of 5/(h/(-4))*15?
6
Suppose 0 = 3*l + 91 - 16. Let k = l - -35. Let w = 7 + k. What is the tens digit of w?
1
Let o(v) = -5*v - 28. Suppose -m = -0*m + 3*h + 5, 3*h - 51 = 3*m. What is the units digit of o(m)?
2
Suppose 0 = -28*m + 3941 + 13195. What is the hundreds digit of m?
6
Let p(t) = 4*t**2 - 27*t - 6. Let v be p(-12). Suppose -5*y - y + v = 0. What is the hundreds digit of y?
1
Let i = 363 + -42. What is the hundreds digit of i?
3
Let a(i) = -2*i - 10. Let f be a(-6). Let l(u) = -11*u**2 - 2*u. Let r be l(f). What is the tens digit of (r/9)/(-2)*15?
4
Let t(z) = -10*z - 28. Suppose 12 - 4 = -2*j + 3*a, -4*j + 2*a = 0. Let p(u) = -3*u - 9. Let q(d) = j*t(d) - 7*p(d). What is the tens digit of q(8)?
1
Let f(h) = -h**3 + h**2 - 10 - 2*h - 5 + 2 + h**2. What is the hundreds digit of f(-6)?
2
Suppose 0 = q - 2 + 1. What is the hundreds digit of 2 + q - -3*42?
1
Let k = -273 + 531. What is the tens digit of k?
5
Let v(a) = -a**3 + 8*a**2 + a + 6. Let y be v(8). Let t be 8/14 - 8/y. Suppose t + 1 = g. What is the units digit of g?
1
Let a(c) = 2*c**2 + 5*c - 4. Let i(j) = j**2 + 5*j - 5. Let t(z) = 2*a(z) - 3*i(z). What is the un